g*a. Calculate the remainder when 7 is divided by a.
1
Suppose -2*t - 15 = -5*f, 5*f = 3*f - t + 15. What is the remainder when 13 is divided by f?
3
Let r = 74 + -57. What is the remainder when 59 is divided by r?
8
Let a(u) = -u**2 - 4*u + 1. Let v be a(-4). Suppose -45 = -5*g - 3*y, 9 = g + 5*y - 0. Suppose -g = -j - v. Calculate the remainder when j is divided by 5.
3
Let a be 1/(-3) - (-2492)/6. Suppose a - 40 = 5*v. Suppose 4*d = -d + v. What is the remainder when 43 is divided by d?
13
Suppose -2*s - 11 - 17 = -2*z, z + s = 10. Let w be (-2)/(-10) - (-329)/5. Let q = w + -32. Calculate the remainder when q is divided by z.
10
Let t(j) = j**2 - 15*j + 19. Calculate the remainder when t(14) is divided by 2.
1
Let q be 0 + (-1 - -6) - 1. Suppose -3*b + q = -11. Let j = 20 + -6. What is the remainder when j is divided by b?
4
Let x = 150 + -90. Suppose -5*b + x = 10. Let v(f) = -7*f - 17. Calculate the remainder when v(-5) is divided by b.
8
Suppose -3*d - 97 = -2*i, 0*d - d + 200 = 5*i. What is the remainder when 244 is divided by i?
39
Let i = 14 + -11. Suppose -14 - 13 = -i*u. Suppose -93 + 25 = -2*l. Calculate the remainder when l is divided by u.
7
Suppose 2*m = -3*m - 90. What is the remainder when (m/7)/((-2)/14) is divided by 7?
4
Suppose 2*o + q = 52, 0 = 5*o - o + 5*q - 110. What is the remainder when o is divided by 7?
4
Suppose -66 = -4*h - 26. Let z(s) be the third derivative of s**6/120 - s**5/10 + s**4/6 - 5*s**3/6 + s**2. What is the remainder when z(6) is divided by h?
9
Suppose y = 4*y - 6. Suppose -2 = y*d - 8. Calculate the remainder when d is divided by 1.
0
Let q = 142 + -109. What is the remainder when 65 is divided by q?
32
Suppose 357 - 5 = 8*l. Calculate the remainder when 175 is divided by l.
43
Let y(m) = -m - 7. Let i be 70/(-7) + (0 - -3). Let r be y(i). Suppose r = -b - 0*b + 5. Calculate the remainder when 14 is divided by b.
4
Let y(l) = -3 + 5 + l**2 + 8*l + 7. Calculate the remainder when 4 is divided by y(-7).
0
Let z(l) = 6*l**2 + 4*l - 3. What is the remainder when z(2) is divided by 24/3*20/16?
9
Let f(v) = 3*v - 21. Calculate the remainder when 41 is divided by f(9).
5
Suppose 5*l - 2*c - 490 = 0, l + c - 294 = -2*l. Let f = l + -57. What is the remainder when f is divided by 21?
20
Let j = -8 - -13. What is the remainder when 0 - -4 - (-7 - -4) is divided by j?
2
Let z(x) = -x**3 - 10*x**2 - 11*x + 12. Let f be z(-9). Let y = f - 16. Suppose -p = -0*p - y. What is the remainder when 27 is divided by p?
13
Let u(i) be the first derivative of -i**4/4 - 2*i**3 - i**2/2 - 8*i + 3. Let n be u(-6). What is the remainder when 43 is divided by (10/4)/(n/(-12))?
13
Let x = 29 - -18. Suppose -3*z + 13 + 28 = -4*t, -5*z - 4*t = -x. Suppose 0 = g - 14 - 6. What is the remainder when g is divided by z?
9
Let c = 145 - 139. What is the remainder when 19 is divided by c?
1
What is the remainder when (-5 - -37) + 3/(-1) is divided by 16?
13
Calculate the remainder when 98 is divided by 9 - ((-15)/5)/3.
8
Let j(a) = -a**3 + 10*a**2 + 12*a + 4. Let l(b) = b**3 + 2*b**2 + 3*b + 1. Let u be l(-2). What is the remainder when j(11) is divided by 42/5 - (-2)/u?
7
Let h be 2 + 0/(-2) + 2. Let j = -55 + 63. What is the remainder when h/14 + 103/7 is divided by j?
7
Let d(h) = -h**2 - 10*h + 6. Let n be 14/21 + 20/(-3). Calculate the remainder when d(n) is divided by 11.
8
Let z(n) = n**2 - 8*n + 3. Let m be z(8). Suppose -k + m + 2 = 0. Suppose -c = -k*h + 31, -20 = h - 5*h - 4*c. Calculate the remainder when 11 is divided by h.
5
Suppose -d - 3*p + 10 = -5*p, d - 25 = -p. What is the remainder when d is divided by 3?
2
What is the remainder when 1*(-32)/(3 - 7) is divided by 5?
3
Let r = -112 - -134. Calculate the remainder when 35 is divided by r.
13
Calculate the remainder when (-9)/6*((-80)/(-3))/(-2) is divided by 6.
2
Suppose 3*c = c + 102. What is the remainder when c is divided by 18?
15
Let p(n) = n**2 + 6*n - 7. What is the remainder when p(-8) is divided by 5?
4
Suppose -4*s = 5*b - 10*b, 4*b - 21 = -s. Suppose 6*r = b*r - 5*z + 27, -3*z + 63 = 3*r. Let i(k) = 5*k - 6. What is the remainder when r is divided by i(4)?
12
Let c = 4 - 1. Suppose -c*i + 3*f + 29 = -19, -2*i = 4*f - 32. Calculate the remainder when i is divided by 9.
7
Let n(t) = -t + 6. Let o be n(-8). What is the remainder when 37 is divided by o - 4*3/12?
11
Let l be 16/6 + (-2)/(-6). Let s(z) = z**3 - 2*z**2 + 3*z + 1. What is the remainder when 55 is divided by s(l)?
17
Let q(m) = m**2 - 4*m + 2. What is the remainder when 36 is divided by q(6)?
8
Let a = 3 - 1. Suppose -a*n - 2*n = -20. Suppose 3 - 68 = -n*m. Calculate the remainder when 38 is divided by m.
12
Let f(n) = -3*n + 1. Suppose q - 2*q = -2*r + 28, -9 = -r + 3*q. Calculate the remainder when r is divided by f(-1).
3
Suppose j - 11 - 17 = 0. Suppose 3*u - 2*b - 9 = -5*b, 0 = -u + 2*b - 6. Suppose -2*i + 30 = -u. What is the remainder when j is divided by i?
13
Let r(f) = f**3 - 9*f**2 + 5*f + 1. What is the remainder when r(9) is divided by 12?
10
Suppose 5*w - 16 = 4*w. Calculate the remainder when 63 is divided by w.
15
Suppose -5*z + 2*s - 148 = 0, -z - z - 64 = 4*s. Let k = -21 - z. Calculate the remainder when k/6*8/6 is divided by 2.
0
Suppose -k + 17 - 6 = 0. What is the remainder when 29 is divided by k?
7
Let s(q) = q**2 + 2*q - 3. Let y be ((-8)/12)/(4/(-30)). Let f = 3 + y. What is the remainder when f is divided by s(-4)?
3
Suppose 5*t + 10 - 65 = 0. Suppose 9 + 53 = 2*k. Calculate the remainder when k is divided by t.
9
Let l be (3 + -2)/((-1)/6). What is the remainder when 23 is divided by (4/l)/((-8)/156)?
10
Let z(o) = -o**3 - o**2 - o. Let f be z(-2). Suppose -f = m - 23. Calculate the remainder when m is divided by 9.
8
Let d(k) = 10*k**2. Let s(c) = -c - 1. Let r be s(1). What is the remainder when -1 + (r/(-1) - -17) is divided by d(1)?
8
Suppose -2*z = -3*a + 76, 0*z = -z - 5. Calculate the remainder when a is divided by 6.
4
Suppose -8*m - 2*m + 350 = 0. Suppose 3*h - 20 = -2*h, 4*h = 5*t - 79. What is the remainder when m is divided by t?
16
Suppose c - 19 - 22 = 4*u, 4*c - 4*u - 140 = 0. Suppose -4*n = -23 - c. Calculate the remainder when n is divided by 8.
6
Suppose -95 = -4*a + 93. Calculate the remainder when a is divided by 13.
8
Let i(b) = -b**3 - 5*b**2 - 5*b + 1. Calculate the remainder when i(-5) is divided by 14.
12
Let f(t) = t**2 - 4 + t**2 - 7*t - 4*t**2. Let m be f(-5). Let c = m - -31. What is the remainder when 22 is divided by c?
10
Let z be (-86)/(-18) - (-6)/27. Let a(g) = 13*g - 4. Let w = 5 - -16. What is the remainder when a(z) is divided by w?
19
Suppose 0 = 2*l - 10 - 18. What is the remainder when (-2)/(41/(-20) - -2) is divided by l?
12
Let s = 25 - 22. What is the remainder when (1 - -53) + -2 - s is divided by 10?
9
Let f = 259 + -29. Calculate the remainder when f is divided by 33.
32
Suppose 0 = p + 2*p - 282. Suppose 4*i + 0*y - 3*y - 76 = 0, -p = -5*i + 4*y. Calculate the remainder when i is divided by 8.
6
Let d be (-4 + (-23)/(-3))*-3. Calculate the remainder when 15 is divided by 10/(-25)*(1 + d).
3
Let c(z) = -10*z + 6. Let h be c(-4). Suppose 4*k = 3*m - h, -m = m - 2*k - 34. What is the remainder when m is divided by 5?
2
Suppose f = -4*g + 4 + 2, 4*f - g = 41. What is the remainder when 25 is divided by f?
5
Suppose g - 120 = -3*g. Calculate the remainder when -2 - (g/(-3) + -1) is divided by 5.
4
Suppose 0 = -2*g + 5*g - 15. Calculate the remainder when 13 is divided by g.
3
Suppose -29 = -5*g + 36. What is the remainder when 76 is divided by g?
11
What is the remainder when (3 - (-196)/12)/(10/45) is divided by 15?
12
Suppose r = 5*m - 98 + 14, 3*m - 4*r - 64 = 0. Suppose n - 4*i = 22, -2*n + 0*i + i + 58 = 0. Calculate the remainder when n is divided by m.
14
Suppose -2*j - 3*x - 100 = -3*j, 0 = -2*j + x + 175. Calculate the remainder when j is divided by 22.
19
Let v be -2 + 3 + (-1)/1. Suppose o + o - 8 = v. Suppose -o*d - 68 = -4*j, -2*d - 31 = -j - 12. What is the remainder when 43 is divided by j?
13
Let w = 2 + -3. Let j(d) = 82*d**2 + 5*d. Let r(b) = 27*b**2 + 2*b. Let c(l) = 3*j(l) - 8*r(l). Calculate the remainder when c(w) is divided by 11.
9
Suppose 0 = 2*j - 3*c - 33, 106 = 4*j + 2*c + 16. Calculate the r